25 (base 14) to base 10
-196817
301233311 (base 4) to base 12
99b05
What is -321677 (base 8) in base 16?
-1a3bf
Convert 9281e (base 16) to base 6.
20510114
-56132145 (base 7) to base 14
-902c95
Convert 2113010 (base 4) to base 12.
5718
Convert -110302120022 (base 4) to base 15.
-7298bb
Convert 5305143 (base 8) to base 6.
50131323
30321044 (base 5) to base 6
5130541
Convert 1144616 (base 8) to base 13.
aca60
-12103043 (base 5) to base 10
-112898
What is -3c40b (base 13) in base 8?
-334136
-320232 (base 4) to base 11
-2800
What is -153253405 (base 6) in base 4?
-30113201231
Convert -1774ab0 (base 13) to base 6.
-431401424
Convert -1030334 (base 5) to base 3.
-220010122
Convert 43420621 (base 7) to base 9.
6888121
580bf8 (base 16) to base 3
101212011021022
What is -3024364 (base 8) in base 12?
-325218
Convert 1015640 (base 10) to base 16.
f7f58
142013204 (base 5) to base 6
23432433
Convert -785b (base 13) to base 6.
-205451
What is -2283657 (base 9) in base 8?
-4556341
Convert 8c8149 (base 13) to base 9.
6236100
What is 159395a (base 11) in base 14?
508d80
What is 251724 (base 8) in base 2?
10101001111010100
-230013223 (base 4) to base 6
-3512351
Convert -13a1413 (base 11) to base 7.
-26265460
Convert 3026616 (base 11) to base 12.
196175a
-30701413 (base 8) to base 7
-106301305
Convert 1001111100000100011 (base 2) to base 7.
2524316
Convert -6837b (base 12) to base 11.
-95292
-2312221 (base 6) to base 3
-20000111011
What is -147257 (base 9) in base 10?
-90610
Convert 1002230100300 (base 4) to base 6.
1422414520
What is -3033040 (base 5) in base 9?
-74365
Convert -134340332 (base 5) to base 12.
-29894b
What is -44302103 (base 5) in base 2?
-1011101111010001101
Convert 1001101010010101101 (base 2) to base 9.
532245
-1000202200120 (base 3) to base 15
-abdec
Convert -14a781 (base 11) to base 12.
-b3405
Convert -410404142 (base 5) to base 15.
-229e9c
What is 50350340 (base 7) in base 9?
7771275
cc74 (base 16) to base 10
52340
What is 57a7ba (base 12) in base 13?
3a39ab
What is 648d80 (base 14) in base 6?
200552524
Convert 10222200210 (base 3) to base 12.
39526
Convert -612024 (base 7) to base 2.
-11001011000001011
b19a3 (base 14) to base 4
1220103123
Convert -2d06c2 (base 14) to base 9.
-2862367
Convert 2031133 (base 4) to base 12.
52a7
What is -2506114 (base 7) in base 3?
-121022221121
Convert 3257c (base 13) to base 7.
526244
What is 14a7757 (base 12) in base 14?
7b53d9
1001212 (base 4) to base 7
15145
-15236324 (base 7) to base 10
-1454828
-3601600 (base 8) to base 4
-3300032000
What is 112021110110021 (base 3) in base 8?
34742332
-299c8 (base 14) to base 7
-610441
-111101001111110101 (base 2) to base 16
-3d3f5
What is -101311020020 (base 4) in base 10?
-4674056
What is 2542540 (base 6) in base 12?
67a50
690919 (base 10) to base 12
293a07
Convert 13747426 (base 8) to base 16.
2fcf16
Convert -492590 (base 10) to base 5.
-111230330
Convert ab760 (base 12) to base 16.
37878
-4104167 (base 9) to base 13
-5b7aca
What is 11110020000 (base 3) in base 16?
1565a
What is 2196561 (base 10) in base 8?
10302121
What is 9b874 (base 12) in base 16?
32818
What is -1231453 (base 7) in base 12?
-78057
Convert 10001221112 (base 3) to base 6.
1143535
Convert 10221011101111 (base 3) to base 8.
7761175
What is 224227 (base 10) in base 13?
7b0a3
11101101001011001 (base 2) to base 12
5a335
What is -285180 (base 12) in base 11?
-41a232
What is 42c52e (base 16) in base 13?
ba2982
Convert 2201774 (base 11) to base 12.
1366163
What is 1323104001 (base 5) in base 2?
1100101101011010100111
Convert -10248772 (base 10) to base 6.
-1003400004
-671611 (base 10) to base 2
-10100011111101111011
12364564 (base 8) to base 6
134512220
Convert -1c9e01 (base 16) to base 11.
-1071071
Convert 44a44 (base 11) to base 7.
360634
What is 110012112100022 (base 3) in base 16?
62f894
Convert 20120224211 (base 5) to base 15.
1b6b6db
1029b98 (base 12) to base 3
12201200112222
-77368b (base 14) to base 6
-222354323
-82510 (base 10) to base 6
-1433554
Convert 13101142 (base 5) to base 4.
133110221
352845 (base 10) to base 6
11321313
What is c7ac2a (base 13) in base 4?
101312130311
-11948087 (base 10) to base 14
-183038b
What is -3455123 (base 11) in base 9?
-12323721
-22122210102 (base 3) to base 2
-101001100111000011
What is -3039b8 (base 12) in base 13?
-204a40
What is -21043774 (base 8) in base 6?
-235525004
Convert -10a736 (base 12) to base 15.
-5425c
Convert 104152 (base 7) to base 2.
100011101011001
4321213431 (base 5) to base 11
5199840
What is 152850 (base 12) in base 5?
42412210
Convert 224199b (base 13) to base 11.
5a315aa
Convert 15a97 (base 16) to base 15.
1b452
What is -234044410 (base 5) in base 3?
-2000221011120
Convert -169a2 (base 15) to base 9.
-121178
Convert -129e3 (base 16) to base 9.
-125542
Convert -2768387 (base 9) to base 2.
-101110011100001010001
Convert -225205 (base 9) to base 7.
-1101452
What is -11022120200021 (base 3) in base 13?
-6245b0
What is -2d2f0 (base 16) in base 2?
-101101001011110000
8837b2 (base 12) to base 4
20100002312
What is -11442003301 (base 5) in base 12?
-4691123
What is 142215 (base 7) in base 8?
65107
What is -106cc (base 15) in base 7?
-305043
-22003213 (base 5) to base 4
-231320131
What is 101402133 (base 5) in base 4?
1212103203
Convert 7747267 (base 8) to base 3.
10220220110000
-5d6aac (base 14) to base 3
-20000221022122
-42199 (base 12) to base 11
-5a123
-1302211032 (base 4) to base 2
-1110010100101001110
What is -10100000010101101011100 (base 2) in base 6?
-304335552
Convert 26647 (base 16) to base 10.
157255
What is 212021210201 (base 3) in base 15?
90c4d
What is -21001010012 (base 3) in base 13?
-4b113
Convert 115240112 (base 6) to base 3.
11011110111122
Convert 20211131003 (base 4) to base 13.
60a4c3
Convert -20300232303 (base 4) to base 3.
-11022200120000
201112122011 (base 3) to base 16
5de86
What is 20133243 (base 9) in base 13?
1cca025
-14230214 (base 5) to base 2
-100100010101001001
What is 132272 (base 11) in base 8?
626125
10312444023 (base 5) to base 2
101010001100110001110100
What is -560066 (base 9) in base 6?
-11101223
What is -13030002 (base 5) in base 8?
-367635
What is -17310107 (base 8) in base 15?
-54a6a6
What is -10311222330 (base 4) in base 8?
-4655274
What is 24c087 (base 14) in base 15?
19e074
Convert -1230216 (base 8) to base 15.
-6ab90
Convert 20202122110122 (base 3) to base 13.
98b457
-22dca (base 16) to base 9
-236780
3275601 (base 8) to base 13
24c241
What is 120112111021 (base 3) in base 13?
a926a
What is 13224013 (base 5) in base 9?
222406
Convert a57db (base 14) to base 5.
100240240
What is 23144033 (base 5) in base 7?
1531053
What is 3010241 (base 8) in base 16?
c10a1
What is -8da90 (base 16) in base 9?
-1073841
What is -2112211122212 (base 3) in base 14?
-273b12
What is -10244444 (base 6) in base 13?
-a7434
Convert -79b2aa (base 13) to base 5.
-1214140440
What is 1010010000001011 (base 2) in base 13?
16165
What is -297026 (base 11) in base 5?
-104310331
What is -c12ea3 (base 15) in base 4?
-202333202322
What is -214560626 (base 7) in base 12?
-43b2368
What is 264642 (base 9) in base 5?
20122104
2664a61 (base 12) to base 5
3421112201
Convert 20002221 (base 3) to base 5.
120303
What is -100110100001100011 (base 2) in base 16?
-26863
20453640 (base 7) to base 5
420241140
-12302304 (base 5) to base 2
-11101000100100111
Convert 23131333302 (base 4) to base 14.
583906
Convert -620759 (base 11) to base 5.
-223341444
21ada (base 16) to base 5
13403241
2043214 (base 8) to base 10
542348
Convert -8306414 (base 11) to base 13.
-30657c9
What is 14a254 (base 14) in base 9?
1315736
1110501 (base 6) to base 9
84621
-301012212201 (base 4) to base 2
-110001000110100110100001
-22b14 (base 15) to base 3
-12121120101
What is -a75b12 (base 12) in base 4?
-22011123332
67122351 (base 8) to base 4
313022103221
Convert -656481 (base 12) to base 7.
-16444132
Convert 430333013 (base 5) to base 8.
6714174
What is -121313332 (base 4) in base 13?
-39316
Convert 13650636 (base 9) to base 10.
6764910
89483 (base 11) to base 9
216801
Convert -2b3b064 (base 12) to base 3.
-121112121011211
Convert 9572 (base 11) to base 4.
3011313
Convert -125523542 (base 7) to base 16.
-7b72a1
44a63 (base 14) to base 2
101000101100011111
Convert -648287 (bas